Let w be 3*(0 + 114/9). Suppose -5*p + 218 = 5*j - 267, -4*j = -8. Calculate the highest common factor of w and p.
19
Suppose -1 = -2*h + 9, o - h + 269 = 0. Let m be (o/20)/((-3)/200). Suppose -7*w + m = 3*w. What is the highest common factor of 8 and w?
8
Let f(j) = -48*j + 12. Let v be f(-2). Suppose 3570 = 54*l - 1614. Calculate the greatest common factor of v and l.
12
Let k(z) = 111*z + 2627. Let m be k(-8). What is the highest common divisor of 74 and m?
37
Let g be ((1 - 55/25) + 0)*-960. Let t = -486 + g. What is the highest common divisor of t and 148?
74
Suppose -29 - 1288 = -22*o + 707. Calculate the greatest common divisor of 1058 and o.
46
Let i(c) = 7*c**2 - 968*c + 9645. Let g be i(10). Calculate the highest common divisor of g and 760.
95
Let s be (0 + 2)*1 - -16. Let o(k) = -2*k**2 + 27*k - 25. Let i = -62 - -72. Let m be o(i). What is the highest common factor of m and s?
9
Suppose -6132*g = -6134*g + 22. Let h(k) = 13*k**3 + 5*k**2 - 4*k + 1. Let m be h(3). Calculate the highest common divisor of m and g.
11
Let w be ((-12)/9)/(4/(-18)). Let m be (0 - -75) + (5 - 8). Suppose 26*y - m = 20*y. Calculate the highest common factor of y and w.
6
Suppose 22*l = -27*l + 45*l. Let u be 19/((-2)/(l - 2)). What is the highest common factor of u and 247?
19
Let d(o) = o**2 - 207*o + 1812. Let w be d(9). Calculate the greatest common factor of 31 and w.
1
Let p be (1/3)/(1/3). Let q(c) = 23*c**2 + c - 1. Let w be q(p). Let v = -33 + 194. Calculate the greatest common divisor of v and w.
23
Suppose 5*c + 16 = 21, c - 91 = -j. What is the highest common divisor of j and 750?
30
Suppose 0 = m - 3, -o - 6*m = -3*m - 9. Suppose 3*n + 3*g - 101 = -2*n, o = -3*n + g + 69. Let p = 15 + -4. What is the highest common divisor of n and p?
11
Let p = 18171 + -10867. What is the greatest common factor of 88 and p?
88
Suppose -4*y - 24 = -7*y. Let u = 85 - 45. Let z = -32 + u. What is the greatest common factor of y and z?
8
Suppose 40*x - 287118 = 83762. What is the highest common divisor of x and 152?
152
Let r be ((-1378)/3445)/((-1)/(-2) + 327/(-650)). Calculate the highest common factor of r and 208.
26
Suppose -31*u - 133*u = 123*u - 57400. Let i be 352/7 + (-2)/7. Calculate the greatest common factor of i and u.
50
Let w = 3261 - 3256. Calculate the greatest common factor of 3335 and w.
5
Let p(i) = -24*i - 157. Let t be p(-10). Suppose -4*z = -n + 7, 0*z = -5*n + 4*z + t. What is the highest common factor of n and 4?
1
Let z = 4 - -31. Let c(t) = -2*t**2 + 27*t - 50. Let p be c(11). Calculate the greatest common factor of z and p.
5
Let z(y) = -10*y - 95 - 23*y + 85 + 12*y - 2*y**2. Let u be z(-10). Let t be 0 + (3 - u - -1). What is the highest common divisor of 8 and t?
4
Suppose 1 = -4*c + 5. Suppose 4*x = -2*h + 2330, -2305 = -4*x - 0*h + 3*h. Suppose 541 - x = -3*o. What is the highest common divisor of o and c?
1
Let n(c) = -c**3 - 16*c**2 + 30*c - 2. Let i be n(-18). Suppose 182 + i = 6*w. Calculate the greatest common divisor of 6 and w.
6
Suppose 0 = -5*n + 4*j + 27, 11 = -n - 5*j - 1. Suppose -5*i + 84 = -i. Suppose -n*m + 2*m + i = 0. Calculate the highest common factor of m and 42.
21
Let i = 95 - 91. Suppose -i*w = h - 65, 0*w + 25 = 2*w - h. Calculate the greatest common factor of w and 3.
3
Suppose -1553 = -22*v - 1267. Let o be 1*(-5)/((-15)/6). Suppose v*x - 6171 = o*x. Calculate the greatest common divisor of 51 and x.
51
Let u(a) = 57*a - 1. Suppose -2*h + 7 = 5. Let w be u(h). Suppose 0 = g - 0*g - w. Calculate the highest common divisor of g and 7.
7
Let j be (10/4)/((-15)/(-30)). Suppose 63 = j*s - 377. What is the highest common divisor of s and 880?
88
Suppose 5*n - 2*d - 4031 = d, 0 = -2*n + 2*d + 1614. Let c = n - 767. What is the highest common factor of c and 1026?
38
Let v be (0/(-5))/(-2*2). Suppose -23 = 2*u - 5*g, -2*u - u - 2*g + 13 = v. Suppose -33*r - u = -34*r. Calculate the greatest common factor of 5 and r.
1
Suppose -b - 1 = -5*d, -3*b = 7*d - 9*d + 16. Suppose -5*r + 17 + 28 = 0. Let v be ((-100)/15)/(b/r). Calculate the greatest common factor of 110 and v.
10
Suppose 27*a - 4*u + 889 = 30*a, -4*u - 606 = -2*a. Calculate the highest common divisor of a and 69.
23
Let f(y) = y. Let n be f(5). Suppose g - 6*g = -n*d + 10, 3 = -3*g + 2*d. Calculate the highest common factor of 41 and g.
1
Let q be (-66483)/(-18)*(3 + 3). What is the greatest common factor of 249 and q?
249
Suppose n + 324 = 31*n + 6*n. Calculate the highest common divisor of 128 and n.
1
Suppose -9*t + 5*u = -53578, -4*u + 2*u = 3*t - 17852. What is the greatest common divisor of t and 93?
93
Let m = -11411 - -11425. Calculate the highest common divisor of 8890 and m.
14
Let b = -206 + 327. Suppose b = z + 3*p, 3*z + 3*p = -198 + 555. Let o = 122 - z. Calculate the highest common factor of 12 and o.
4
Let a(f) = -20*f + 14. Let u be a(5). Let c = u - -126. What is the highest common factor of 8 and c?
8
Let y = -97 + 97. Suppose -15*b + y*b = -b. Suppose 2*o - 4*o - 540 = -5*v, -2*o = b. Calculate the highest common factor of 24 and v.
12
Let m = 5603 + -5307. What is the highest common divisor of m and 1739?
37
Let l(x) = 17*x + 269. Let i be l(-15). Suppose 27*n - i*n - 1430 = 0. Calculate the highest common factor of 2 and n.
2
Let l be -2 + (-2)/(-45)*43518 + (-84)/630. Calculate the highest common divisor of 1311 and l.
69
Suppose 5*f = -h + 5*h - 686, -674 = 5*f - h. Let b = f + 190. Calculate the highest common factor of 7 and b.
7
Suppose -3*x + 12 = 0, 3*t + 2 = 6*x - 4*x. Suppose 0 = -10*h + t*h + 48. Let q be 6/(-9)*h + 27. Calculate the highest common factor of q and 230.
23
Let v(o) = -o + 58. Let z be v(0). Let y = -33 + z. Suppose 266*q - 45538 = 14312. What is the highest common divisor of q and y?
25
Suppose -10*r + 8*r - 64 = 0. Let a be ((-2)/10*r)/(6/15). Suppose -10*d = -166 + a. What is the highest common divisor of d and 3?
3
Let f be (-28)/63 - (-17)/((-918)/(-672)). Calculate the highest common factor of 1136 and f.
4
Let q = -285 - -287. Suppose -2*p + 9*i = 4*i - 195, -q*p + i + 199 = 0. Calculate the greatest common factor of 4 and p.
4
Suppose -z - 2*z = 5*l - 31, l + 117 = 5*z. What is the highest common factor of z and 1727?
11
Suppose 0 = 5*r + 5*j - 2*j - 35, -5*j = -5*r + 75. Let n be ((192/r)/4)/((-2)/(-30)). Calculate the highest common divisor of n and 4.
4
Let d(j) = 2*j**3 + 73*j**2 + 103*j - 44. Let c be d(-35). Let n = -1445 - -2294. Let h = n - 563. Calculate the highest common factor of h and c.
26
Let x be 8 + -7 + (31 - 2)*1. Let h(k) = 4*k - 5. Let t be h(-5). Let y be (-3)/(15/2)*t. Calculate the highest common factor of x and y.
10
Let t be 11/44 + -1979*1/(-4). Suppose -36*n - t = -45*n. What is the greatest common factor of 44 and n?
11
Suppose 2*b = 4*a - 22, 2*b + 28 = 2*a + 3*a. Let r = -5739 + 5747. What is the highest common divisor of r and a?
2
Let x(i) = 16 + 6 + 7 - 18*i - 25. Let u be x(-3). Calculate the greatest common factor of u and 29.
29
Let b(s) = 147*s**2 + 3076. Let p be b(0). Calculate the highest common factor of p and 4.
4
Suppose 0*h - 5*t + 3 = -3*h, t = -3*h + 33. Let z(k) = -k**2 + 72. Let a be z(0). Calculate the highest common divisor of a and h.
9
Suppose -42 = -5*n - 3*q, -q + 5*q - 34 = -3*n. Suppose -502*d + 552138 = 3499*d. Calculate the greatest common divisor of n and d.
6
Let r(f) = 4*f**2 - 5*f + 6. Let q be r(6). Let x be (76 - 81)*(-32)/5. Let s be (27/6)/(0 + 3/x). Calculate the greatest common divisor of q and s.
24
Suppose -534 = -c + 4*w, 2*c + 4*w = 6*c - 2172. Suppose c = 3*l + 3*n, 4*n + 14 = -l + 181. What is the greatest common factor of 11 and l?
11
Suppose 5*o + 1 - 41 = 0. Let g(f) = -9*f + 18. Let m be 2 - (4/(-6)*3 + 10). Let n be g(m). Calculate the highest common factor of o and n.
8
Let n = -6833 - -6847. Calculate the highest common divisor of n and 1946.
14
Let j(w) = -110*w**3 - 2*w**2 - w. Let i be j(-1). Let z be (-2)/6 - (-1216)/57. Suppose -z = -5*k + i. What is the greatest common divisor of k and 13?
13
Let v be 21 + 1*-1*-1. Suppose -17*c + 3*c + 70 = 0. Let o(w) = -3*w + 17. Let u be o(c). What is the greatest common divisor of v and u?
2
Let v = 192 + -21. Suppose -p + 4*p = v. Let a = 47526 - 47507. Calculate the hig